hat is the ten millions digit of 62184291?
6
What is the ten thousands digit of 1766422141?
2
What is the billions digit of 3393102264?
3
What is the thousands digit of 1188952?
8
What is the tens digit of 25658031?
3
What is the millions digit of 3597990641?
7
What is the hundreds digit of 48544302?
3
What is the tens digit of 52881801?
0
What is the ten millions digit of 1563456548?
6
What is the hundreds digit of 1642418700?
7
What is the ten thousands digit of 20704960?
0
What is the ten thousands digit of 28835941?
3
What is the ten thousands digit of 2648454255?
5
What is the ten thousands digit of 30860687?
6
What is the units digit of 147934301?
1
What is the ten thousands digit of 104646556?
4
What is the hundred thousands digit of 137874587?
8
What is the millions digit of 90403496?
0
What is the hundred millions digit of 7729166750?
7
What is the hundred millions digit of 4515113448?
5
What is the tens digit of 587713769?
6
What is the tens digit of 202479566?
6
What is the hundred thousands digit of 738688814?
6
What is the units digit of 26722409?
9
What is the hundred millions digit of 7913853032?
9
What is the millions digit of 197783082?
7
What is the millions digit of 162085431?
2
What is the millions digit of 576757189?
6
What is the ten millions digit of 89900852?
8
What is the tens digit of 222350842?
4
What is the thousands digit of 31163044?
3
What is the tens digit of 50319305?
0
What is the ten millions digit of 266387250?
6
What is the units digit of 81955722?
2
What is the thousands digit of 329399191?
9
What is the millions digit of 36497340?
6
What is the hundred millions digit of 521914563?
5
What is the ten thousands digit of 9112431792?
3
What is the ten thousands digit of 55156435?
5
What is the tens digit of 2541404633?
3
What is the millions digit of 28273116?
8
What is the ten millions digit of 9212732652?
1
What is the hundred thousands digit of 2955571728?
5
What is the ten thousands digit of 1098098332?
9
What is the ten thousands digit of 2920455565?
5
What is the billions digit of 1474188742?
1
What is the thousands digit of 99965553?
5
What is the tens digit of 25190097?
9
What is the units digit of 1152692820?
0
What is the units digit of 1245739272?
2
What is the hundreds digit of 9035997865?
8
What is the units digit of 6479910793?
3
What is the millions digit of 121836085?
1
What is the hundred thousands digit of 1619758?
6
What is the hundred thousands digit of 214559022?
5
What is the thousands digit of 1592707453?
7
What is the ten millions digit of 80721232?
8
What is the hundreds digit of 8287162?
1
What is the millions digit of 20921692?
0
What is the thousands digit of 407917856?
7
What is the hundreds digit of 39478921?
9
What is the ten millions digit of 235975694?
3
What is the billions digit of 2862556243?
2
What is the thousands digit of 2675688071?
8
What is the ten millions digit of 18820063?
1
What is the ten millions digit of 160266094?
6
What is the hundred millions digit of 161573544?
1
What is the millions digit of 429409615?
9
What is the hundreds digit of 320384777?
7
What is the hundred millions digit of 259669448?
2
What is the ten thousands digit of 262106503?
0
What is the ten millions digit of 82559678?
8
What is the tens digit of 860947618?
1
What is the thousands digit of 43196363?
6
What is the hundred millions digit of 448886002?
4
What is the ten thousands digit of 96287956?
8
What is the thousands digit of 4040836534?
6
What is the ten thousands digit of 398205822?
0
What is the millions digit of 2098083643?
8
What is the hundred thousands digit of 5484767368?
7
What is the thousands digit of 207689750?
9
What is the ten thousands digit of 19144327?
4
What is the millions digit of 176218760?
6
What is the hundred thousands digit of 13067822?
0
What is the ten thousands digit of 701814984?
1
What is the units digit of 5838648540?
0
What is the units digit of 24002498?
8
What is the ten millions digit of 222251839?
2
What is the billions digit of 1571727090?
1
What is the hundreds digit of 2640955156?
1
What is the thousands digit of 258179693?
9
What is the thousands digit of 3306492432?
2
What is the tens digit of 2240472238?
3
What is the hundreds digit of 849263554?
5
What is the hundred thousands digit of 2953837878?
8
What is the billions digit of 1577359466?
1
What is the ten thousands digit of 7641032252?
3
What is the thousands digit of 147423891?
3
What is the thousands digit of 1217510490?
0
What is the millions digit of 4639646?
4
What is the hundreds digit of 128670346?
3
What is the hundred thousands digit of 35734031?
7
What is the units digit of 392344065?
5
What is the tens digit of 42896011?
1
What is the hundreds digit of 607847930?
9
What is the units digit of 751290429?
9
What is the millions digit of 66089204?
6
What is the tens digit of 2806388748?
4
What is the tens digit of 30471593?
9
What is the ten thousands digit of 177537784?
3
What is the thousands digit of 2262185879?
5
What is the hundred millions digit of 2286223726?
2
What is the units digit of 306264358?
8
What is the millions digit of 679326424?
9
What is the thousands digit of 187829225?
9
What is the thousands digit of 25993367?
3
What is the hundreds digit of 76890949?
9
What is the units digit of 83644665?
5
What is the millions digit of 3115829391?
5
What is the ten thousands digit of 1322080917?
8
What is the units digit of 96349092?
2
What is the units digit of 109485166?
6
What is the thousands digit of 2092280763?
0
What is the hundred millions digit of 1336097511?
3
What is the ten thousands digit of 263846864?
4
What is the hundred thousands digit of 519809895?
8
What is the ten thousands digit of 19862843?
6
What is the millions digit of 41593531?
1
What is the thousands digit of 174907326?
7
What is the hundreds digit of 30120714?
7
What is the thousands digit of 8113240?
3
What is the millions digit of 75540903?
5
What is the units digit of 418955213?
3
What is the hundred thousands digit of 36694214?
6
What is the ten millions digit of 61401455?
6
What is the ten thousands digit of 474863112?
6
What is the thousands digit of 187232414?
2
What is the units digit of 111036050?
0
What is the tens digit of 2140595209?
0
What is the tens digit of 178437338?
3
What is the hundred thousands digit of 6633889794?
8
What is the tens digit of 681569977?
7
What is the ten millions digit of 228895299?
2
What is the thousands digit of 56947838?
7
What is the thousands digit of 319042996?
2
What is the tens digit of 202871489?
8
What is the ten thousands digit of 25596636?
9
What is the ten thousands digit of 54138861?
3
What is the hundreds digit of 1066042313?
3
What is the thousands digit of 18266666?
6
What is the ten thousands digit of 329776856?
7
What is the millions digit of 1092143961?
2
What is the thousands digit of 207329585?
9
What is the millions digit of 41005346?
1
What is the hundred thousands digit of 58644951?
6
What is the hundreds digit of 56614509?
5
What is the ten thousands digit of 30383552?
8
What is the tens digit of 4206803819?
1
What is the units digit of 79946678?
8
What is the ten thousands digit of 22042302?
4
What is the millions digit of 408141052?
8
What is the hundreds digit of 606928696?
6
What is the tens digit of 44051466?
6
What is the billions digit of 5308530807?
5
What is the ten millions digit of 31269752?
3
What is the ten thousands digit of 694526711?
2
What is the thousands digit of 646017251?
7
What is the millions digit of 1996435516?
6
What is the millions digit of 99558736?
9
What is the ten thousands digit of 2193344071?
4
What is the ten thousands digit of 46472783?
7
What is the thousands digit of 200555589?
5
What is the units digit of 2628508705?
5
What is the hundred millions digit of 1638982259?
6
What is the ten thousands digit of 200055?
0
What is the ten thousands digit of 243908666?
0
What is the hundreds digit of 13096590?
5
What is the hundreds digit of 258579833?
8
What is the ten millions digit of 4452920799?
5
What is the ten millions digit of 1928560324?
2
What is the ten thousands digit of 3618865271?
6
What is the tens digit of 391980369?
6
What is the ten millions digit of 1505870169?
0
What is the thousands 